{"id":37,"date":"2014-03-14T16:49:17","date_gmt":"2014-03-14T16:49:17","guid":{"rendered":"http:\/\/blackdevelopers.net\/?page_id=37"},"modified":"2021-02-24T21:42:50","modified_gmt":"2021-02-24T20:42:50","slug":"front-page","status":"publish","type":"page","link":"https:\/\/blackdevelopers.net\/","title":{"rendered":"About BlackDevelopers"},"content":{"rendered":"<p>Hi,<\/p>\n<p>We are Daniel Pe\u00f1a V\u00e1zquez and Sonia Fern\u00e1ndez del Saz.<\/p>\n<p>BlackDevelopers\u00a0 is the brand of our apps. We\u00a0 mainly make public apps for fun, but nowadays we also work in important private projects. If you need expert native developers, you can <a href=\"mailto:admin@blackdtools.com\">contact us by email.<\/a><\/p>\n<p>We already published a lot of apps in Android and iOS.<br \/>\nYou can find all our Android apps in <a href=\"https:\/\/play.google.com\/store\/apps\/developer?id=BlackDevelopers\">Google Play Store<\/a>.<br \/>\nYou can find all our iOS apps in <a href=\"https:\/\/apps.apple.com\/us\/developer\/sonia-fernandez-del-saz\/id1551247968\">Apple App Store<\/a>.<\/p>\n<p>Just enter this keyword in the search tool of your store:<br \/>\n<strong>BLACKDEVELOPERS<\/strong><\/p>\n<p>Please note that almost all our free apps are free because they include advertisement and that gives enough income for us. However you will\u00a0 always find\u00a0 the option to buy <strong>NoAds<\/strong> versions if you dislike to see advertisement.<\/p>\n<p>Finally, we should also give credits to 2 persons who helped in the initial development of many apps here: <strong>Miguel \u00c1ngel Pe\u00f1a V\u00e1zquez<\/strong> and <strong>Miguel \u00c1ngel Romero de los Llanos<\/strong>.<\/p>\n","protected":false},"excerpt":{"rendered":"<p>Hi, We are Daniel Pe\u00f1a V\u00e1zquez and Sonia Fern\u00e1ndez del Saz. BlackDevelopers\u00a0 is the brand of our apps. We\u00a0 mainly make public apps for fun, but nowadays we also work in important private projects. If you need expert native developers, you can contact us by email. We already published a lot of apps in Android &hellip; <a href=\"https:\/\/blackdevelopers.net\/\" class=\"more-link\">Continue reading <span class=\"screen-reader-text\">About BlackDevelopers<\/span> <span class=\"meta-nav\">&rarr;<\/span><\/a><\/p>\n","protected":false},"author":1,"featured_media":0,"parent":0,"menu_order":0,"comment_status":"closed","ping_status":"closed","template":"","meta":{"footnotes":""},"class_list":["post-37","page","type-page","status-publish","hentry"],"_links":{"self":[{"href":"https:\/\/blackdevelopers.net\/index.php?rest_route=\/wp\/v2\/pages\/37","targetHints":{"allow":["GET"]}}],"collection":[{"href":"https:\/\/blackdevelopers.net\/index.php?rest_route=\/wp\/v2\/pages"}],"about":[{"href":"https:\/\/blackdevelopers.net\/index.php?rest_route=\/wp\/v2\/types\/page"}],"author":[{"embeddable":true,"href":"https:\/\/blackdevelopers.net\/index.php?rest_route=\/wp\/v2\/users\/1"}],"replies":[{"embeddable":true,"href":"https:\/\/blackdevelopers.net\/index.php?rest_route=%2Fwp%2Fv2%2Fcomments&post=37"}],"version-history":[{"count":68,"href":"https:\/\/blackdevelopers.net\/index.php?rest_route=\/wp\/v2\/pages\/37\/revisions"}],"predecessor-version":[{"id":473,"href":"https:\/\/blackdevelopers.net\/index.php?rest_route=\/wp\/v2\/pages\/37\/revisions\/473"}],"wp:attachment":[{"href":"https:\/\/blackdevelopers.net\/index.php?rest_route=%2Fwp%2Fv2%2Fmedia&parent=37"}],"curies":[{"name":"wp","href":"https:\/\/api.w.org\/{rel}","templated":true}]}}